ainder when 592 is divided by 71?
24
What is the remainder when 128 is divided by 28?
16
What is the remainder when 204 is divided by 178?
26
Calculate the remainder when 1913 is divided by 174.
173
Calculate the remainder when 92 is divided by 27.
11
Calculate the remainder when 202 is divided by 105.
97
What is the remainder when 454 is divided by 76?
74
Calculate the remainder when 1528 is divided by 18.
16
What is the remainder when 73 is divided by 26?
21
Calculate the remainder when 101 is divided by 84.
17
Calculate the remainder when 6206 is divided by 90.
86
What is the remainder when 1336 is divided by 223?
221
What is the remainder when 2657 is divided by 70?
67
What is the remainder when 3887 is divided by 259?
2
What is the remainder when 857 is divided by 30?
17
Calculate the remainder when 7015 is divided by 22.
19
Calculate the remainder when 877 is divided by 22.
19
What is the remainder when 591 is divided by 42?
3
What is the remainder when 1935 is divided by 102?
99
Calculate the remainder when 980 is divided by 17.
11
Calculate the remainder when 4742 is divided by 31.
30
What is the remainder when 131 is divided by 41?
8
What is the remainder when 243 is divided by 50?
43
Calculate the remainder when 124 is divided by 32.
28
What is the remainder when 21 is divided by 15?
6
Calculate the remainder when 123 is divided by 4.
3
What is the remainder when 38 is divided by 28?
10
What is the remainder when 3497 is divided by 34?
29
What is the remainder when 180 is divided by 91?
89
Calculate the remainder when 5043 is divided by 81.
21
Calculate the remainder when 64 is divided by 23.
18
Calculate the remainder when 1381 is divided by 459.
4
Calculate the remainder when 410 is divided by 2.
0
Calculate the remainder when 1538 is divided by 119.
110
Calculate the remainder when 1046 is divided by 337.
35
Calculate the remainder when 108 is divided by 36.
0
What is the remainder when 238 is divided by 41?
33
What is the remainder when 2612 is divided by 2611?
1
What is the remainder when 1616 is divided by 90?
86
Calculate the remainder when 398 is divided by 20.
18
What is the remainder when 106 is divided by 101?
5
Calculate the remainder when 515 is divided by 116.
51
Calculate the remainder when 514 is divided by 296.
218
What is the remainder when 7453 is divided by 213?
211
Calculate the remainder when 873 is divided by 43.
13
Calculate the remainder when 1046 is divided by 8.
6
Calculate the remainder when 3460 is divided by 179.
59
What is the remainder when 110 is divided by 16?
14
Calculate the remainder when 1001 is divided by 59.
57
Calculate the remainder when 585 is divided by 12.
9
What is the remainder when 127 is divided by 33?
28
Calculate the remainder when 2481 is divided by 280.
241
Calculate the remainder when 119 is divided by 66.
53
Calculate the remainder when 96 is divided by 5.
1
What is the remainder when 1185 is divided by 22?
19
Calculate the remainder when 62 is divided by 32.
30
What is the remainder when 49 is divided by 28?
21
What is the remainder when 126 is divided by 45?
36
Calculate the remainder when 12536 is divided by 38.
34
Calculate the remainder when 37 is divided by 11.
4
Calculate the remainder when 1074 is divided by 16.
2
What is the remainder when 137 is divided by 128?
9
Calculate the remainder when 238 is divided by 40.
38
Calculate the remainder when 2123 is divided by 25.
23
What is the remainder when 74 is divided by 36?
2
What is the remainder when 15503 is divided by 48?
47
What is the remainder when 51 is divided by 11?
7
Calculate the remainder when 215 is divided by 54.
53
Calculate the remainder when 213 is divided by 18.
15
What is the remainder when 2858 is divided by 472?
26
What is the remainder when 225 is divided by 71?
12
Calculate the remainder when 199 is divided by 47.
11
What is the remainder when 600 is divided by 151?
147
What is the remainder when 418 is divided by 15?
13
Calculate the remainder when 155 is divided by 84.
71
Calculate the remainder when 91 is divided by 38.
15
Calculate the remainder when 935 is divided by 3.
2
Calculate the remainder when 2116 is divided by 106.
102
Calculate the remainder when 74 is divided by 21.
11
What is the remainder when 189 is divided by 88?
13
What is the remainder when 328 is divided by 6?
4
Calculate the remainder when 202 is divided by 66.
4
Calculate the remainder when 408 is divided by 130.
18
Calculate the remainder when 196 is divided by 22.
20
Calculate the remainder when 86 is divided by 8.
6
What is the remainder when 926 is divided by 30?
26
What is the remainder when 235 is divided by 12?
7
Calculate the remainder when 197 is divided by 70.
57
What is the remainder when 156 is divided by 16?
12
What is the remainder when 1006 is divided by 28?
26
Calculate the remainder when 2429 is divided by 19.
16
Calculate the remainder when 1232 is divided by 202.
20
What is the remainder when 48 is divided by 36?
12
Calculate the remainder when 12957 is divided by 54.
51
Calculate the remainder when 197 is divided by 55.
32
Calculate the remainder when 58 is divided by 31.
27
What is the remainder when 3423 is divided by 110?
13
What is the remainder when 11958 is divided by 92?
90
What is the remainder when 350 is divided by 71?
66
Calculate the remainder when 470 is divided by 24.
14
Calculate the remainder when 167 is divided by 36.
23
What is the remainder when 544 is divided by 69?
61
What is the remainder when 2876 is divided by 571?
21
What is the remainder when 1709 is divided by 245?
239
Calculate the remainder when 3124 is divided by 54.
46
Calculate the remainder when 481 is divided by 100.
81
Calculate the remainder when 44 is divided by 25.
19
Calculate the remainder when 1130 is divided by 18.
14
Calculate the remainder when 419 is divided by 25.
19
Calculate the remainder when 84 is divided by 11.
7
What is the remainder when 3326 is divided by 104?
102
Calculate the remainder when 288 is divided by 66.
24
Calculate the remainder when 15 is divided by 10.
5
What is the remainder when 4994 is divided by 45?
44
Calculate the remainder when 181 is divided by 28.
13
Calculate the remainder when 4450 is divided by 262.
258
What is the remainder when 584 is divided by 86?
68
What is the remainder when 161 is divided by 82?
79
Calculate the remainder when 102 is divided by 96.
6
Calculate the remainder when 7220 is divided by 50.
20
What is the remainder when 61 is divided by 13?
9
What is the remainder when 1557 is divided by 39?
36
What is the remainder when 6378 is divided by 9?
6
Calculate the remainder when 363 is divided by 75.
63
Calculate the remainder when 129 is divided by 27.
21
What is the remainder when 223 is divided by 15?
13
Calculate the remainder when 295 is divided by 27.
25
What is the remainder when 373 is divided by 22?
21
Calculate the remainder when 656 is divided by 99.
62
What is the remainder when 1466 is divided by 292?
6
What is the remainder when 1021 is divided by 334?
19
What is the remainder when 357 is divided by 93?
78
What is the remainder when 92 is divided by 30?
2
What is the remainder when 4060 is divided by 32?
28
Calculate the remainder when 2611 is divided by 201.
199
Calculate the remainder when 80 is divided by 45.
35
What is the remainder when 10432 is divided by 74?
72
What is the remainder when 53 is divided by 48?
5
What is the remainder when 2653 is divided by 59?
57
Calculate the remainder when 713 is divided by 102.
101
Calculate the remainder when 898 is divided by 16.
2
What is the remainder when 181 is divided by 49?
34
Calculate the remainder when 191 is divided by 47.
3
What is the remainder when 21 is divided by 4?
1
What is the remainder when 1786 is divided by 448?
442
Calculate the remainder when 144 is divided by 49.
46
Calculate the remainder when 99 is divided by 42.
15
Calculate the remainder when 1720 is divided by 5.
0
Calculate the remainder when 37 is divided by 9.
1
Calculate the remainder when 1675 is divided by 140.
135
Calculate the remainder when 319 is divided by 36.
31
What is the remainder when 218 is divided by 2?
0
What is the remainder when 112 is divided by 45?
22
Calculate the remainder when 986 is divided by 387.
21